{"id":1463,"date":"2016-02-03T18:35:09","date_gmt":"2016-02-03T17:35:09","guid":{"rendered":"http:\/\/www.maderthaner.cc\/?page_id=1463"},"modified":"2016-02-29T17:00:31","modified_gmt":"2016-02-29T16:00:31","slug":"2000-reality-check","status":"publish","type":"page","link":"https:\/\/www.maderthaner.cc\/index.php\/text\/2000-reality-check\/","title":{"rendered":"2000 Reality Check"},"content":{"rendered":"<p>[et_pb_section][et_pb_row][et_pb_column type=&#8220;1_3&#8243;][et_pb_text admin_label=&#8220;titel&#8220; background_layout=&#8220;light&#8220; text_orientation=&#8220;left&#8220;]<\/p>\n<h5>REALITY CHECK<br \/> Positionen Gegenst\u00e4ndlicher Kunst<\/h5>\n<p>[\/et_pb_text][\/et_pb_column][et_pb_column type=&#8220;2_3&#8243;][et_pb_text admin_label=&#8220;REALITY CHECK&#8220; background_layout=&#8220;light&#8220; text_orientation=&#8220;left&#8220;]Die Darstellung der sichtbaren Welt durch Farbe ist seit \u00fcber zweihundert Jahren die Geschichte einer permanenten Hinterfragung der Welt und dessen was wir als Wirklichkeit begreifen. Die Theorie der Rennaissance, dass das Grundprinzip der Malerei die Mimesis (Nachahmung) sei, wurde durch die Entwicklung der Fotografie zu Beginn des 19.Jahrhunderts radikal in Frage gestellt. Die Fotografie in ihrer \u201eobjektiven\u201c Wahrheit, war reproduzierbar und billig und verringerte die Produktpalette der Malerei. Doch trotz der seit 1839 ausgegebenen Parole: \u201eDie Malerei ist tot\u201c, wurde und wird die Malerei stets weiter entwickelt. Parallel dazu emanzipierte sich auch die Avantgarde der Fotografie von den Zw\u00e4ngen rein sachlich verstandener Bildwiedergabe und altehrw\u00fcrdiger Bildinszenierungen in der Tradition des \u201eTafelbildes\u201c.<\/p>\n<p>Literatur und Musik, Malerei und Fotografie bis hin zu Theater und Film erarbeiten stets weiter Sicht- und Erlebnisweisen, die das was als Realit\u00e4t gilt in Frage stellen.<\/p>\n<p>Aber genau dieser Anspruch an die Kunst, n\u00e4mlich die Realit\u00e4t in Frage zu stellen und Gegenwirklichkeiten zu erschaffen und zu zeigen gilt als theoretisches Zentralproblem \u201eRealistischer Kunst\u201c. Hinzu kommt die historische Tatsache der ideologischen Funktionalisierung des Realismusbegriffes in konservativen Kreisen und radikalisiert im nationalsozialistischen Faschismus und im sozialistischen Realismus stalinistischer Pr\u00e4gung. Auf Grund dieser Zusammenh\u00e4nge ist es bedeutsam zwischen \u201eRealismus\u201c und \u201egegenst\u00e4ndlicher Kunst\u201c zu unterscheiden.<br \/>\n(Der Begriff \u201erealistische Kunst\u201c ist nicht nur ein ideologischer Begriff sondern genau genommen ein Widerspruch in sich selbst, da bereits jede Abbildung von etwas Realem dieses \u201eReale\u201c in ein anderes Medium transferiert<br \/>\nund somit eine Abstraktion vollzieht.)<\/p>\n<p>Massenmedien, Schnappsch\u00fcsse, Plakate, Bildb\u00e4nde, Dokumentationen und Werbung pr\u00e4gten zunehmend den visuellen Alltag und ver\u00e4nderten die moderne Erfahrungswelt in deren Zweidimensionalit\u00e4t. Seit den Anf\u00e4ngen der Pop Art stellt sich das Feld der Gegenst\u00e4ndlichen Kunst in unterschiedlichsten Formen dieser Konkurrenz der \u201eprofanen Bildproduktion\u201c.<\/p>\n<p>Die ausgew\u00e4hlten K\u00fcnstler und K\u00fcnstlerinnen dieser Schau wissen um diese Entwicklung, produzieren Bilder vor dem Hintergrund dieser historischen Erkenntnis und in dem Bewusstsein, dass die Geschichte der gegenst\u00e4ndlichen Darstellung als fortschreitender Wahrnehmungs- und Kontextualisierungsprozess zu sehen ist. Ob und wie sie ihre Arbeiten nun mit der Hand, der Kamera, mit visuellen Fundst\u00fccken der heutigen Medienwelt oder digitalisierten Bildern via Computer umsetzen bleibt trotz \u201eobjektivierbarer Bildinhalte\u201c in jedem Fall eine individuelle Entscheidung und f\u00fchrt zu unterschiedlichsten Resultaten. Man kann sich der sinnlichen Pr\u00e4senz dieser Werke schwer entziehen.[\/et_pb_text][\/et_pb_column][\/et_pb_row][\/et_pb_section]<\/p>\n","protected":false},"excerpt":{"rendered":"<p>[et_pb_section][et_pb_row][et_pb_column type=&#8220;1_3&#8243;][et_pb_text admin_label=&#8220;titel&#8220; background_layout=&#8220;light&#8220; text_orientation=&#8220;left&#8220;] REALITY CHECK Positionen Gegenst\u00e4ndlicher Kunst [\/et_pb_text][\/et_pb_column][et_pb_column type=&#8220;2_3&#8243;][et_pb_text admin_label=&#8220;REALITY CHECK&#8220; background_layout=&#8220;light&#8220; text_orientation=&#8220;left&#8220;]Die Darstellung der sichtbaren Welt durch Farbe ist seit \u00fcber zweihundert Jahren die Geschichte einer permanenten Hinterfragung der Welt und dessen was wir als Wirklichkeit begreifen. Die Theorie der Rennaissance, dass das Grundprinzip der Malerei die Mimesis (Nachahmung) sei, wurde [&hellip;]<\/p>\n","protected":false},"author":4,"featured_media":0,"parent":302,"menu_order":1,"comment_status":"closed","ping_status":"closed","template":"","meta":{"_et_pb_use_builder":"on","_et_pb_old_content":"","_et_gb_content_width":"","footnotes":""},"class_list":["post-1463","page","type-page","status-publish","hentry"],"_links":{"self":[{"href":"https:\/\/www.maderthaner.cc\/index.php\/wp-json\/wp\/v2\/pages\/1463","targetHints":{"allow":["GET"]}}],"collection":[{"href":"https:\/\/www.maderthaner.cc\/index.php\/wp-json\/wp\/v2\/pages"}],"about":[{"href":"https:\/\/www.maderthaner.cc\/index.php\/wp-json\/wp\/v2\/types\/page"}],"author":[{"embeddable":true,"href":"https:\/\/www.maderthaner.cc\/index.php\/wp-json\/wp\/v2\/users\/4"}],"replies":[{"embeddable":true,"href":"https:\/\/www.maderthaner.cc\/index.php\/wp-json\/wp\/v2\/comments?post=1463"}],"version-history":[{"count":0,"href":"https:\/\/www.maderthaner.cc\/index.php\/wp-json\/wp\/v2\/pages\/1463\/revisions"}],"up":[{"embeddable":true,"href":"https:\/\/www.maderthaner.cc\/index.php\/wp-json\/wp\/v2\/pages\/302"}],"wp:attachment":[{"href":"https:\/\/www.maderthaner.cc\/index.php\/wp-json\/wp\/v2\/media?parent=1463"}],"curies":[{"name":"wp","href":"https:\/\/api.w.org\/{rel}","templated":true}]}}