{"id":2482,"date":"2016-02-16T20:12:12","date_gmt":"2016-02-16T19:12:12","guid":{"rendered":"http:\/\/www.maderthaner.cc\/?page_id=2482"},"modified":"2016-02-29T18:01:08","modified_gmt":"2016-02-29T17:01:08","slug":"die-geschichte-der-lou-rosenblatt-1925-bis-1970","status":"publish","type":"page","link":"https:\/\/www.maderthaner.cc\/index.php\/projects\/die-geschichte-der-lou-rosenblatt-1925-bis-1970\/","title":{"rendered":"Die Geschichte der Lou Rosenblatt (Teil 4: 1925 bis 1970)"},"content":{"rendered":"<p>[et_pb_section][et_pb_row][et_pb_column type=&#8220;4_4&#8243;][et_pb_text admin_label=&#8220;Text&#8220; background_layout=&#8220;light&#8220; text_orientation=&#8220;left&#8220;]<\/p>\n<p><strong>Die Geschichte der Lou Rosenblatt <\/strong><strong>(1925 bis 1970) <\/strong><\/p>\n<div id=\"attachment_2519\" style=\"width: 310px\" class=\"wp-caption alignleft\"><a href=\"https:\/\/www.maderthaner.cc\/wp-content\/uploads\/2016\/02\/1930cecilbeaton.jpg\"><img loading=\"lazy\" decoding=\"async\" aria-describedby=\"caption-attachment-2519\" class=\"wp-image-2519 size-medium\" src=\"https:\/\/www.maderthaner.cc\/wp-content\/uploads\/2016\/02\/1930cecilbeaton-300x225.jpg\" alt=\"1930 Foto von Cecil Beaton\" width=\"300\" height=\"225\" srcset=\"https:\/\/www.maderthaner.cc\/wp-content\/uploads\/2016\/02\/1930cecilbeaton-300x225.jpg 300w, https:\/\/www.maderthaner.cc\/wp-content\/uploads\/2016\/02\/1930cecilbeaton-150x112.jpg 150w, https:\/\/www.maderthaner.cc\/wp-content\/uploads\/2016\/02\/1930cecilbeaton-334x250.jpg 334w, https:\/\/www.maderthaner.cc\/wp-content\/uploads\/2016\/02\/1930cecilbeaton-380x284.jpg 380w, https:\/\/www.maderthaner.cc\/wp-content\/uploads\/2016\/02\/1930cecilbeaton.jpg 600w\" sizes=\"auto, (max-width: 300px) 100vw, 300px\" \/><\/a><p id=\"caption-attachment-2519\" class=\"wp-caption-text\">1930 Foto von Cecil Beaton<\/p><\/div>\n<div id=\"attachment_2522\" style=\"width: 229px\" class=\"wp-caption alignleft\"><a href=\"https:\/\/www.maderthaner.cc\/wp-content\/uploads\/2016\/02\/1941maxernst.jpg\"><img loading=\"lazy\" decoding=\"async\" aria-describedby=\"caption-attachment-2522\" class=\"wp-image-2522\" src=\"https:\/\/www.maderthaner.cc\/wp-content\/uploads\/2016\/02\/1941maxernst-292x300.jpg\" alt=\"1941 Lou und Max Ernst\" width=\"219\" height=\"225\" srcset=\"https:\/\/www.maderthaner.cc\/wp-content\/uploads\/2016\/02\/1941maxernst-292x300.jpg 292w, https:\/\/www.maderthaner.cc\/wp-content\/uploads\/2016\/02\/1941maxernst-146x150.jpg 146w, https:\/\/www.maderthaner.cc\/wp-content\/uploads\/2016\/02\/1941maxernst-243x250.jpg 243w, https:\/\/www.maderthaner.cc\/wp-content\/uploads\/2016\/02\/1941maxernst-276x284.jpg 276w, https:\/\/www.maderthaner.cc\/wp-content\/uploads\/2016\/02\/1941maxernst.jpg 500w\" sizes=\"auto, (max-width: 219px) 100vw, 219px\" \/><\/a><p id=\"caption-attachment-2522\" class=\"wp-caption-text\">1941 Lou und Max Ernst<\/p><\/div>\n<p>1926 wurde sie von Paul Klee, den sie noch aus ihrer M\u00fcnchner Zeit kannte, gefragt, ob sie einen Kurs \u00fcber Gestaltungslehre am Bauhaus \u00fcbernehmen wolle. Zusammen mit Schlemmer, Klee und dem nach wie vor distanzierten Kandinsky begann eine fruchtbare Zeit von Lehre und k\u00fcnstlerischer Arbeit. Ihr Kurs erl\u00e4uterte die Zusammenh\u00e4nge zwischen Kunst und Natur und die besonderen Eigenschaften von Farbe und Form. Die Schrift &#8222;\u00dcber Farben&#8220; entstand. Im September 1932 wurde das Bauhaus von den Nationalsozialisten geschlossen; die Lehrer entlassen und das Innere des legend\u00e4ren Geb\u00e4udes komplett zerst\u00f6rt. Lou Rosenblatt ging nach Berlin zur\u00fcck. Ihre Lebensumst\u00e4nde wurden schwieriger.Sie wohnte zusammen mit Hannah H\u00f6ch in derem kleinen Haus, aber beide kamen unter dem Naziregime zunehmend unter Druck. Sowohl durch ihre k\u00fcnstlerische und politische Arbeit (Lou war seit 1926 Mitglied der kommunistischen Partei) als auch &#8211; in Lous Fall &#8211; der Tatsache, dass sie als Halbj\u00fcdin in Nazideutschland von 1934 schon schweren Verfolgungen und Einschr\u00e4nkungen ausgesetzt war. Doch erst 1937 entschlo\u00df sich Lou Rosenblatt zur Flucht und gelangte unter schwierigsten Umst\u00e4nden \u00fcber Paris, Lissabon und London nach New York. Dort traf sie ehemalige Bauhaus-Kollegen wie Gropius und Moholy-Nagy, Freunde aus der Pariser Surrealistenszene und deutsche Dadaisten. Peggy Guggenheim erm\u00f6glichte den Exil-K\u00fcnstlern nicht nur Unterkunft im Guggenheim-Komplex und \u00f6ffentliche Anerkennung, sondern fand in Lou auch eine echte Freundin.<\/p>\n<div id=\"attachment_2523\" style=\"width: 266px\" class=\"wp-caption alignleft\"><a href=\"https:\/\/www.maderthaner.cc\/wp-content\/uploads\/2016\/02\/1945nyc.jpg\"><img loading=\"lazy\" decoding=\"async\" aria-describedby=\"caption-attachment-2523\" class=\"size-medium wp-image-2523\" src=\"https:\/\/www.maderthaner.cc\/wp-content\/uploads\/2016\/02\/1945nyc-256x300.jpg\" alt=\"1945 in New York\" width=\"256\" height=\"300\" srcset=\"https:\/\/www.maderthaner.cc\/wp-content\/uploads\/2016\/02\/1945nyc-256x300.jpg 256w, https:\/\/www.maderthaner.cc\/wp-content\/uploads\/2016\/02\/1945nyc-128x150.jpg 128w, https:\/\/www.maderthaner.cc\/wp-content\/uploads\/2016\/02\/1945nyc-214x250.jpg 214w, https:\/\/www.maderthaner.cc\/wp-content\/uploads\/2016\/02\/1945nyc-243x284.jpg 243w, https:\/\/www.maderthaner.cc\/wp-content\/uploads\/2016\/02\/1945nyc.jpg 400w\" sizes=\"auto, (max-width: 256px) 100vw, 256px\" \/><\/a><p id=\"caption-attachment-2523\" class=\"wp-caption-text\">1945 in New York<\/p><\/div>\n<div id=\"attachment_2524\" style=\"width: 220px\" class=\"wp-caption alignleft\"><a href=\"https:\/\/www.maderthaner.cc\/wp-content\/uploads\/2016\/02\/1953chicago.jpg\"><img loading=\"lazy\" decoding=\"async\" aria-describedby=\"caption-attachment-2524\" class=\"size-medium wp-image-2524\" src=\"https:\/\/www.maderthaner.cc\/wp-content\/uploads\/2016\/02\/1953chicago-210x300.jpg\" alt=\"1953 Chicago\" width=\"210\" height=\"300\" srcset=\"https:\/\/www.maderthaner.cc\/wp-content\/uploads\/2016\/02\/1953chicago-210x300.jpg 210w, https:\/\/www.maderthaner.cc\/wp-content\/uploads\/2016\/02\/1953chicago-105x150.jpg 105w, https:\/\/www.maderthaner.cc\/wp-content\/uploads\/2016\/02\/1953chicago-175x250.jpg 175w, https:\/\/www.maderthaner.cc\/wp-content\/uploads\/2016\/02\/1953chicago-199x284.jpg 199w, https:\/\/www.maderthaner.cc\/wp-content\/uploads\/2016\/02\/1953chicago.jpg 350w\" sizes=\"auto, (max-width: 210px) 100vw, 210px\" \/><\/a><p id=\"caption-attachment-2524\" class=\"wp-caption-text\">1953 Chicago<\/p><\/div>\n<p>Bis zu Lous Tod blieb diese Freundschaft bestehen. 1940 entstanden Lous reduzierte Boogie Woogie Bilder, 1943 erste Experimente mit Farb-dripping, 1945 verwendete sie erstmals Werbesujets in ihren Bildern. Die Beziehung zu Andr\u00e9 Breton wurde im New Yorker Exil intensiver und intimer, als es in der Pariser Zeit der Fall war. Nach Kriegsende beschlo\u00df Lou in New York zu bleiben und zog in ein kleines Loft am West Broadway . Dort blieb sie 20 Jahre lang und wurde zur umworbenen K\u00fcnstlerin. Vor allem junge amerikanische K\u00fcnstler sch\u00e4tzten ihre unkonventionelle Einstellung zur Malerei und Kunst und in vielen ihrer Werke nahm sie bestimmende Avantgardetrends vorweg. Als Breton, mit dem sie \u00fcber all die Jahre eine tiefe Freundschaft verband, 1968 in Paris starb, war sie an seiner Seite. Nach Bretons Tod h\u00f6rte sie auf zu malen. Sie wechselte ein letztes Mal ihren Wohnort und ging zur\u00fcck nach Europa, nach Paris. Aus tiefer \u00dcberzeugung unterst\u00fctzte sie noch im hohen Alter die Studentenbewegung. Am 30. November 1970 starb sie 81-j\u00e4hrig allein und unerkannt in ihrer kleinen Wohnung auf der Ile St. Louis in Paris.<\/p>\n<p><a href=\"https:\/\/www.maderthaner.cc\/wp-content\/uploads\/2016\/02\/Die-Geschichte-der-Lou-Rosenblatt.pdf\" target=\"_blank\" rel=\"\">\u2192 DOWNLOAD PDF &#8222;Die Geschichte der Lou Rosenblatt&#8220;<\/a><\/p>\n<p>[\/et_pb_text][\/et_pb_column][\/et_pb_row][\/et_pb_section]<\/p>\n","protected":false},"excerpt":{"rendered":"<p>[et_pb_section][et_pb_row][et_pb_column type=&#8220;4_4&#8243;][et_pb_text admin_label=&#8220;Text&#8220; background_layout=&#8220;light&#8220; text_orientation=&#8220;left&#8220;] Die Geschichte der Lou Rosenblatt (1925 bis 1970) 1926 wurde sie von Paul Klee, den sie noch aus ihrer M\u00fcnchner Zeit kannte, gefragt, ob sie einen Kurs \u00fcber Gestaltungslehre am Bauhaus \u00fcbernehmen wolle. Zusammen mit Schlemmer, Klee und dem nach wie vor distanzierten Kandinsky begann eine fruchtbare Zeit von Lehre [&hellip;]<\/p>\n","protected":false},"author":4,"featured_media":0,"parent":414,"menu_order":4,"comment_status":"closed","ping_status":"closed","template":"","meta":{"_et_pb_use_builder":"on","_et_pb_old_content":"<p><strong>Die Geschichte der Lou Rosenblatt <\/strong><strong>(1925 bis 1970)<br \/> <\/strong><\/p>[caption id=\"attachment_2519\" align=\"alignleft\" width=\"300\"]<a href=\"http:\/\/www.maderthaner.cc\/wp-content\/uploads\/2016\/02\/1930cecilbeaton.jpg\"><img class=\"size-medium wp-image-2519\" src=\"http:\/\/www.maderthaner.cc\/wp-content\/uploads\/2016\/02\/1930cecilbeaton-300x225.jpg\" alt=\"1930 Cecil Beaton\" width=\"300\" height=\"225\" \/><\/a> 1930 Cecil Beaton[\/caption]<p>1926 wurde sie von Paul Klee, den sie noch aus ihrer M\u00fcnchner Zeit kannte, gefragt, ob sie einen Kurs \u00fcber Gestaltungslehre am Bauhaus \u00fcbernehmen wolle. Zusammen mit Schlemmer, Klee und dem nach wie vor distanzierten Kandinsky begann eine fruchtbare Zeit von Lehre und k\u00fcnstlerischer Arbeit. Ihr Kurs erl\u00e4uterte die Zusammenh\u00e4nge zwischen Kunst und Natur und die besonderen Eigenschaften von Farbe und Form. Die Schrift \"\u00dcber Farben\" entstand. Im September 1932 wurde das Bauhaus von den Nationalsozialisten geschlossen; die Lehrer entlassen und das Innere des legend\u00e4ren Geb\u00e4udes komplett zerst\u00f6rt.<\/p><p>Lou Rosenblatt ging nach Berlin zur\u00fcck. Ihre Lebensumst\u00e4nde wurden schwieriger.Sie wohnte zusammen mit Hannah H\u00f6ch in derem kleinen Haus, aber beide kamen unter dem Naziregime zunehmend unter Druck.<\/p><p>Sowohl durch ihre k\u00fcnstlerische und politische Arbeit (Lou war seit 1926 Mitglied der kommunistischen Partei) als auch - in Lous Fall - der Tatsache, dass sie als Halbj\u00fcdin in Nazideutschland von 1934 schon schweren Verfolgungen und Einschr\u00e4nkungen ausgesetzt war.<\/p><p>Doch erst 1937 entschlo\u00df sich Lou Rosenblatt zur Flucht und gelangte unter schwierigsten Umst\u00e4nden \u00fcber Paris, Lissabon und London nach New York. Dort traf sie ehemalige Bauhaus-Kollegen wie Gropius und Moholy-Nagy, Freunde aus der Pariser Surrealistenszene und deutsche Dadaisten.<\/p><p>Peggy Guggenheim erm\u00f6glichte den Exil-K\u00fcnstlern nicht nur Unterkunft im Guggenheim-Komplex und \u00f6ffentliche Anerkennung, sondern fand in Lou auch eine echte Freundin. Bis zu Lous Tod blieb diese Freundschaft bestehen.<\/p><p>1940 entstanden Lous reduzierte Boogie Woogie Bilder, 1943 erste Experimente mit Farb-dripping, 1945 verwendete sie erstmals Werbesujets in ihren Bildern. Die Beziehung zu Andr\u00e9 Breton wurde im New Yorker Exil intensiver und intimer, als es in der Pariser Zeit der Fall war.<\/p><p>Nach Kriegsende beschlo\u00df Lou in New York zu bleiben und zog in ein kleines Loft am West Broadway . Dort blieb sie 20 Jahre lang und wurde zur umworbenen K\u00fcnstlerin. Vor allem junge amerikanische K\u00fcnstler sch\u00e4tzten ihre unkonventionelle Einstellung zur Malerei und Kunst und in vielen ihrer Werke nahm sie bestimmende Avantgardetrends vorweg.<\/p><p>Als Breton, mit dem sie \u00fcber all die Jahre eine tiefe Freundschaft verband, 1968 in Paris starb, war sie an seiner Seite. Nach Bretons Tod h\u00f6rte sie auf zu malen. Sie wechselte ein letztes Mal ihren Wohnort und ging zur\u00fcck nach Europa, nach Paris. Aus tiefer \u00dcberzeugung unterst\u00fctzte sie noch im hohen Alter die Studentenbewegung.<\/p><p>Am 30. November 1970 starb sie 81-j\u00e4hrig allein und unerkannt in ihrer kleinen Wohnung auf der Ile St. Louis in Paris.<\/p>","_et_gb_content_width":"","footnotes":""},"class_list":["post-2482","page","type-page","status-publish","hentry"],"_links":{"self":[{"href":"https:\/\/www.maderthaner.cc\/index.php\/wp-json\/wp\/v2\/pages\/2482","targetHints":{"allow":["GET"]}}],"collection":[{"href":"https:\/\/www.maderthaner.cc\/index.php\/wp-json\/wp\/v2\/pages"}],"about":[{"href":"https:\/\/www.maderthaner.cc\/index.php\/wp-json\/wp\/v2\/types\/page"}],"author":[{"embeddable":true,"href":"https:\/\/www.maderthaner.cc\/index.php\/wp-json\/wp\/v2\/users\/4"}],"replies":[{"embeddable":true,"href":"https:\/\/www.maderthaner.cc\/index.php\/wp-json\/wp\/v2\/comments?post=2482"}],"version-history":[{"count":0,"href":"https:\/\/www.maderthaner.cc\/index.php\/wp-json\/wp\/v2\/pages\/2482\/revisions"}],"up":[{"embeddable":true,"href":"https:\/\/www.maderthaner.cc\/index.php\/wp-json\/wp\/v2\/pages\/414"}],"wp:attachment":[{"href":"https:\/\/www.maderthaner.cc\/index.php\/wp-json\/wp\/v2\/media?parent=2482"}],"curies":[{"name":"wp","href":"https:\/\/api.w.org\/{rel}","templated":true}]}}