{"id":299,"date":"2015-12-29T20:36:26","date_gmt":"2015-12-29T19:36:26","guid":{"rendered":"http:\/\/www.maderthaner.cc\/?page_id=299"},"modified":"2016-03-05T17:44:41","modified_gmt":"2016-03-05T16:44:41","slug":"biografie","status":"publish","type":"page","link":"https:\/\/www.maderthaner.cc\/index.php\/biografie\/","title":{"rendered":"BIOGRAPHY"},"content":{"rendered":"<p>[et_pb_section][et_pb_row][et_pb_column type=&#8220;1_3&#8243;][et_pb_image admin_label=&#8220;Bild&#8220; alt=&#8220;Franziska Maderthaner (Foto by Sabine Hauswirth)&#8220; title_text=&#8220;Franziska Maderthaner (Foto by Sabine Hauswirth)&#8220; show_in_lightbox=&#8220;on&#8220; url_new_window=&#8220;on&#8220; animation=&#8220;off&#8220; sticky=&#8220;off&#8220; src=&#8220;https:\/\/www.maderthaner.cc\/wp-content\/uploads\/2016\/01\/maderthaner01csabine-hauswirth__.jpg&#8220; \/][et_pb_text admin_label=&#8220;Text&#8220; background_layout=&#8220;light&#8220; text_orientation=&#8220;left&#8220;]<\/p>\n<p>Foto by Sabine Hauswirth<\/p>\n<p>[\/et_pb_text][\/et_pb_column][et_pb_column type=&#8220;2_3&#8243;][et_pb_text admin_label=&#8220;Text&#8220; background_layout=&#8220;light&#8220; text_orientation=&#8220;left&#8220;]<\/p>\n<p>1962 geboren in Wien, lebt und arbeitet in Wien und im Waldviertel<\/p>\n<p>2004 bis 2006 Vorsitzende der <a href=\"http:\/\/www.igbildendekunst.at\" target=\"_blank\">IG Bildende Kunst<\/a>\/\u00d6sterreich<\/p>\n<p>seit 2000 ao. Professorin f\u00fcr Malerei und Grafik an der Universit\u00e4t f\u00fcr angewandte Kunst in Wien<\/p>\n<p>1998 Herausgeberin von &#8222;IDEALZONE WIEN \u2014 die schnellen Jahre 1978 &#8211; 1985&#8220;<\/p>\n<p>1991 Gr\u00fcndung von ART WORK, einer Agentur f\u00fcr angewandte Malerei<\/p>\n<p>1987 &#8211; 1999 Assistentin f\u00fcr Malerei und Grafik an der Hochschule f\u00fcr angewandte Kunst, Organisation und Konzeption diverser Ausstellungen (&#8222;Kunstbaustelle MAK&#8220;, &#8222;Kunst und Politik&#8220; im Parlament Wien, \u201eMetalog\u201c, Kunstforum Hartberg)<\/p>\n<p>1985 &#8211; 1987 Mitarbeiterin der Zeitschriften FALTER und PARNASS<br \/>\nSchriftliche Diplomarbeit &#8222;\u00dcber die politische Arbeit von Joseph Beuys&#8220;<\/p>\n<p>Seit 1984 Ausstellungst\u00e4tigkeit<\/p>\n<p>1983 &#8211; 84 Assistentin von Martin Kippenberger<br \/>\nW\u00e4hrend des Studiums T\u00e4tigkeit in der Galerie Peter Pakesch<\/p>\n<p>1980 &#8211; 1985 Studium an der Hochschule f\u00fcr angewandte Kunst in Wien bei Herbert Tasquil (Kunstp\u00e4dagogik) und Oswald Oberhuber (Grafik)<\/p>\n<p>[\/et_pb_text][\/et_pb_column][\/et_pb_row][\/et_pb_section]<\/p>\n","protected":false},"excerpt":{"rendered":"<p>[et_pb_section][et_pb_row][et_pb_column type=&#8220;1_3&#8243;][et_pb_image admin_label=&#8220;Bild&#8220; alt=&#8220;Franziska Maderthaner (Foto by Sabine Hauswirth)&#8220; title_text=&#8220;Franziska Maderthaner (Foto by Sabine Hauswirth)&#8220; show_in_lightbox=&#8220;on&#8220; url_new_window=&#8220;on&#8220; animation=&#8220;off&#8220; sticky=&#8220;off&#8220; src=&#8220;https:\/\/www.maderthaner.cc\/wp-content\/uploads\/2016\/01\/maderthaner01csabine-hauswirth__.jpg&#8220; \/][et_pb_text admin_label=&#8220;Text&#8220; background_layout=&#8220;light&#8220; text_orientation=&#8220;left&#8220;] Foto by Sabine Hauswirth [\/et_pb_text][\/et_pb_column][et_pb_column type=&#8220;2_3&#8243;][et_pb_text admin_label=&#8220;Text&#8220; background_layout=&#8220;light&#8220; text_orientation=&#8220;left&#8220;] 1962 geboren in Wien, lebt und arbeitet in Wien und im Waldviertel 2004 bis 2006 Vorsitzende der IG Bildende Kunst\/\u00d6sterreich seit 2000 [&hellip;]<\/p>\n","protected":false},"author":4,"featured_media":0,"parent":0,"menu_order":4,"comment_status":"closed","ping_status":"closed","template":"","meta":{"_et_pb_use_builder":"on","_et_pb_old_content":"","_et_gb_content_width":"","footnotes":""},"class_list":["post-299","page","type-page","status-publish","hentry"],"_links":{"self":[{"href":"https:\/\/www.maderthaner.cc\/index.php\/wp-json\/wp\/v2\/pages\/299","targetHints":{"allow":["GET"]}}],"collection":[{"href":"https:\/\/www.maderthaner.cc\/index.php\/wp-json\/wp\/v2\/pages"}],"about":[{"href":"https:\/\/www.maderthaner.cc\/index.php\/wp-json\/wp\/v2\/types\/page"}],"author":[{"embeddable":true,"href":"https:\/\/www.maderthaner.cc\/index.php\/wp-json\/wp\/v2\/users\/4"}],"replies":[{"embeddable":true,"href":"https:\/\/www.maderthaner.cc\/index.php\/wp-json\/wp\/v2\/comments?post=299"}],"version-history":[{"count":0,"href":"https:\/\/www.maderthaner.cc\/index.php\/wp-json\/wp\/v2\/pages\/299\/revisions"}],"wp:attachment":[{"href":"https:\/\/www.maderthaner.cc\/index.php\/wp-json\/wp\/v2\/media?parent=299"}],"curies":[{"name":"wp","href":"https:\/\/api.w.org\/{rel}","templated":true}]}}

<p>[et_pb_section][et_pb_row][et_pb_column type=&#8220;1_3&#8243;][et_pb_image admin_label=&#8220;Bild&#8220; alt=&#8220;Franziska Maderthaner (Foto by Sabine Hauswirth)&#8220; title_text=&#8220;Franziska Maderthaner (Foto by Sabine Hauswirth)&#8220; show_in_lightbox=&#8220;on&#8220; url_new_window=&#8220;on&#8220; animation=&#8220;off&#8220; sticky=&#8220;off&#8220; src=&#8220;https://www.maderthaner.cc/wp-content/uploads/2016/01/maderthaner01csabine-hauswirth__.jpg&#8220; /][et_pb_text admin_label=&#8220;Text&#8220; background_layout=&#8220;light&#8220; text_orientation=&#8220;left&#8220;]</p>
<p>Foto by Sabine Hauswirth</p>
<p>[/et_pb_text][/et_pb_column][et_pb_column type=&#8220;2_3&#8243;][et_pb_text admin_label=&#8220;Text&#8220; background_layout=&#8220;light&#8220; text_orientation=&#8220;left&#8220;]</p>
<p>1962 geboren in Wien, lebt und arbeitet in Wien und im Waldviertel</p>
<p>2004 bis 2006 Vorsitzende der <a href="http://www.igbildendekunst.at" target="_blank">IG Bildende Kunst</a>/Österreich</p>
<p>seit 2000 ao. Professorin für Malerei und Grafik an der Universität für angewandte Kunst in Wien</p>
<p>1998 Herausgeberin von &#8222;IDEALZONE WIEN — die schnellen Jahre 1978 &#8211; 1985&#8220;</p>
<p>1991 Gründung von ART WORK, einer Agentur für angewandte Malerei</p>
<p>1987 &#8211; 1999 Assistentin für Malerei und Grafik an der Hochschule für angewandte Kunst, Organisation und Konzeption diverser Ausstellungen (&#8222;Kunstbaustelle MAK&#8220;, &#8222;Kunst und Politik&#8220; im Parlament Wien, „Metalog“, Kunstforum Hartberg)</p>
<p>1985 &#8211; 1987 Mitarbeiterin der Zeitschriften FALTER und PARNASS<br />
Schriftliche Diplomarbeit &#8222;Über die politische Arbeit von Joseph Beuys&#8220;</p>
<p>Seit 1984 Ausstellungstätigkeit</p>
<p>1983 &#8211; 84 Assistentin von Martin Kippenberger<br />
Während des Studiums Tätigkeit in der Galerie Peter Pakesch</p>
<p>1980 &#8211; 1985 Studium an der Hochschule für angewandte Kunst in Wien bei Herbert Tasquil (Kunstpädagogik) und Oswald Oberhuber (Grafik)</p>
<p>[/et_pb_text][/et_pb_column][/et_pb_row][/et_pb_section]</p>

<p>[et_pb_section][et_pb_row][et_pb_column type=&#8220;1_3&#8243;][et_pb_image admin_label=&#8220;Bild&#8220; alt=&#8220;Franziska Maderthaner (Foto by Sabine Hauswirth)&#8220; title_text=&#8220;Franziska Maderthaner (Foto by Sabine Hauswirth)&#8220; show_in_lightbox=&#8220;on&#8220; url_new_window=&#8220;on&#8220; animation=&#8220;off&#8220; sticky=&#8220;off&#8220; src=&#8220;https://www.maderthaner.cc/wp-content/uploads/2016/01/maderthaner01csabine-hauswirth__.jpg&#8220; /][et_pb_text admin_label=&#8220;Text&#8220; background_layout=&#8220;light&#8220; text_orientation=&#8220;left&#8220;] Foto by Sabine Hauswirth [/et_pb_text][/et_pb_column][et_pb_column type=&#8220;2_3&#8243;][et_pb_text admin_label=&#8220;Text&#8220; background_layout=&#8220;light&#8220; text_orientation=&#8220;left&#8220;] 1962 geboren in Wien, lebt und arbeitet in Wien und im Waldviertel 2004 bis 2006 Vorsitzende der IG Bildende Kunst/Österreich seit 2000 [&hellip;]</p>
