{"id":3428,"date":"2018-01-27T17:28:07","date_gmt":"2018-01-27T16:28:07","guid":{"rendered":"http:\/\/www.maderthaner.cc\/?page_id=3428"},"modified":"2018-01-28T12:27:04","modified_gmt":"2018-01-28T11:27:04","slug":"2017-die-akkuratesse","status":"publish","type":"page","link":"https:\/\/www.maderthaner.cc\/index.php\/text\/2017-die-akkuratesse\/","title":{"rendered":"2017 Die Akkuratesse"},"content":{"rendered":"<p>[et_pb_section][et_pb_row][et_pb_column type=&#8220;1_3&#8243;][et_pb_text admin_label=&#8220;Text&#8220; background_layout=&#8220;light&#8220; text_orientation=&#8220;left&#8220;]<\/p>\n<h5><strong>Die Akkuratesse<\/strong><\/h5>\n<h6>von Doris Knecht<\/h6>\n<p>[\/et_pb_text][et_pb_text admin_label=&#8220;Text&#8220; background_layout=&#8220;light&#8220; text_orientation=&#8220;left&#8220;]<\/p>\n<p style=\"text-align: right;\"><a href=\"https:\/\/www.maderthaner.cc\/index.php\/text\/2017-die-akkuratesse\/2017-the-accuracy\/\">[english version]<\/a><\/p>\n<p>[\/et_pb_text][\/et_pb_column][et_pb_column type=&#8220;2_3&#8243;][et_pb_text admin_label=&#8220;Text&#8220; background_layout=&#8220;light&#8220; text_orientation=&#8220;left&#8220;]<\/p>\n<p>Vielleicht hat man Franziska Maderthaner bei der Er\u00f6ffnung einer Gruppen-Ausstellung in einer ambitionierten Land-Galerie in der N\u00e4he ihres Sommerhauses kennengelernt, der sie ein Werk zur Verf\u00fcgung gestellt hatte. Vielleicht wollte man sie schon lange treffen, nachdem man viel Interessantes und Lustiges \u00fcber sie geh\u00f6rt hatte. Vielleicht ruckelte man also im Verlaufe dieser Vernissage mit einem Glas Wei\u00dfwein in der Hand so allm\u00e4hlich in ihre Richtung und begann, angekommen, einen Smalltalk. Es k\u00f6nnte sein, dass man nicht so gut ist in Smalltalk, eventuell sogar \u00fcberaus schlecht. Man w\u00fcrde also vielleicht verlegen l\u00e4chelnd irgendeinen Bl\u00f6dsinn gesagt haben, zum Beispiel, ob sie hier noch \u00f6fter ausstellen werde. Und Franziska Maderthaner w\u00fcrde einen anstrahlen und sagen: Nichts f\u00fcr ungut, aber ich spiele eigentlich in einer anderen Liga.<\/p>\n<p>Die meisten anderen Frauen h\u00e4tten an dieser Stelle irgendwas H\u00f6fliches gesagt, irgendein zustimmendes Blabla. Franziska Maderthaner nicht. Sie ist nicht auf der Welt, um sich Konventionen zu unterwerfen oder um jemandem recht zu geben, der\u2019s nicht hat. Sie ist eine No-bullshit-Person, und zwar auf eine g\u00e4nzlich unaggressive Weise: ganz freundlich, ganz warm. Sie hat ein gro\u00dfes Lachen. Aber Franziska Maderthaner wei\u00df auch, was sie kann und warum sie es kann. Sie wei\u00df, dass sie auf ihrem Gebiet einzigartig ist und eine der Besten, und sie wei\u00df, dass sie es ist, weil sie seit vielen Jahren t\u00e4glich viele Stunden an ihren Bildern malt, weil sie ihr Talent unerm\u00fcdlich perfektioniert. Welcher normale Mensch w\u00fcrde sich eine solche Leistung aus irgendeiner bl\u00f6den Manierlichkeit, aus einem egalisierenden Reflex heraus kleinreden und verniedlichen lassen? Eben. Franziska Maderthaner auch nicht.<\/p>\n<p>Und das machte sie mir auf Anhieb sympathisch. So macht man das, genau so. Und vielleicht sind ihre Bilder auch deswegen so unglaublich kraftvoll.<\/p>\n<p>Zwischenzeitlich wei\u00df ich noch zwei oder drei Dinge mehr \u00fcber sie: Sie ist p\u00fcnktlich, zum Beispiel wenn man sagt, um sieben geht\u2019s los, dann ist sie um sieben da, mit einer Flasche Wein und mit einem schon in St\u00fccke geschnittenen, selbst gebackenen Kuchen auf einem eigens daf\u00fcr zurechtgeschnitzten Karton: Praktisch ist sie n\u00e4mlich auch. Ihre Garderobe ist so bunt wie ihre Bilder. Sie hat fast immer gute Laune, und wenn nicht, bleibt sie f\u00fcr sich. Sie ist wissbegierig und zeigt einem mit Lust Dinge, Gegenden, Orte. Maderthaners Haus ist ordentlich und ihr Garten, sagen wir\u2019s ehrlich, nicht der Rede wert: Denn nichts soll sie vom Malen ablenken, nichts in ihrem Leben darf so wichtig werden, dass dadurch das Malen zu kurz k\u00e4me.<\/p>\n<p>Maderthaner ordnet dem Malen alles andere unter, darauf richtet sie ihren Fokus, nichts ist f\u00fcr sie wichtiger. Sie braucht zum Malen h\u00f6chstens einen Ausgleich: lange M\u00e4rsche und ausgiebige Radtouren \u00fcber die Felder und die bewaldeten H\u00fcgel der Gegend, in der sie wohnt (ihre Kondition ist beneidenswert), Gespr\u00e4che mit ihrem Lebensgef\u00e4hrten Michael, Kochen f\u00fcr ihre Freunde, Reisen mit viel Kunst. Was sie nicht gut kann: herumsitzen, gar nichts tun. Und sie ist nicht ganz so cool, wie sie sich gibt, was man merkt, wenn man zu ihrem Geburtstag eingeladen ist, der im Hof ihres Waldviertler Landhauses mit Champagner und Fingerfood beginnt und wo sie \u00fcberraschend nerv\u00f6s herumflattert, passt eh alles? Doch als der Geburtstag sich zur Sonnwendfeier der \u00f6rtlichen Feuerwehr verlagert, ist sie dort wunderbar daheim: Hier war sie schon in den siebziger Jahren mit ihren Eltern auf Sommerfrische, hier kennt man die Franzi, seit sie ein kleines Kind ist, hier plaudert sie mit den Leuten, trinkt Spritzer aus dem Becher, isst W\u00fcrstel und Pommes vom Pappteller und tanzt am Feuer zu Blondie. The tide is high but I\u2019m holding on. Ja.<\/p>\n<p>Am Tag darauf wird sie trotzdem malen, von fr\u00fch bis sp\u00e4t. Wenn man Maderthaner eine Eigenschaft zuordnen m\u00fcsste: Leidenschaft. Allerdings ist die Maderthaner-Leidenschaft keine irre Leidenschaft, nicht so eine Sich-selbst-ein-Ohr-abschneiden-Leidenschaft, wie man sie mit K\u00fcnstlern gerne konnotiert. Ihre Leidenschaft hat nichts Wahnsinniges, Selbstzerst\u00f6rerisches. Ihre Leidenschaft ist sportlich und fast forward, es ist eine quirlige, offene, neugierige Leidenschaft, die sich mit Akkuratesse und extremem Flei\u00df verbindet, die sich nicht sich selbst ausliefert, sondern immer auf ein Ergebnis abzielt: das perfekte Bild. Maderthaner l\u00e4sst beim Malen alles ganz raus, aber sie kann es jederzeit auch wieder einfangen. Sie kann es, weil es ihr geh\u00f6rt. Weil sie es beherrscht. Handwerk, Kunst, Leben: alles ihrs, alles bestens.<\/p>\n<p>&nbsp;<\/p>\n<p>Doris Knecht ist Schriftstellerin (\u201eGruber geht\u201c, \u201eBesser\u201c, \u201eWald\u201c, \u201eAlles \u00fcber Beziehungen\u201c) und Kolumnistin. Sie lebt mit ihrer Familie und Freunden in Wien und im Waldviertel.<\/p>\n<p>[\/et_pb_text][\/et_pb_column][\/et_pb_row][\/et_pb_section]<\/p>\n","protected":false},"excerpt":{"rendered":"<p>[et_pb_section][et_pb_row][et_pb_column type=&#8220;1_3&#8243;][et_pb_text admin_label=&#8220;Text&#8220; background_layout=&#8220;light&#8220; text_orientation=&#8220;left&#8220;] Die Akkuratesse von Doris Knecht [\/et_pb_text][et_pb_text admin_label=&#8220;Text&#8220; background_layout=&#8220;light&#8220; text_orientation=&#8220;left&#8220;] [english version] [\/et_pb_text][\/et_pb_column][et_pb_column type=&#8220;2_3&#8243;][et_pb_text admin_label=&#8220;Text&#8220; background_layout=&#8220;light&#8220; text_orientation=&#8220;left&#8220;] Vielleicht hat man Franziska Maderthaner bei der Er\u00f6ffnung einer Gruppen-Ausstellung in einer ambitionierten Land-Galerie in der N\u00e4he ihres Sommerhauses kennengelernt, der sie ein Werk zur Verf\u00fcgung gestellt hatte. Vielleicht wollte man sie schon lange [&hellip;]<\/p>\n","protected":false},"author":4,"featured_media":0,"parent":302,"menu_order":0,"comment_status":"closed","ping_status":"closed","template":"","meta":{"_et_pb_use_builder":"on","_et_pb_old_content":"","_et_gb_content_width":"","footnotes":""},"class_list":["post-3428","page","type-page","status-publish","hentry"],"_links":{"self":[{"href":"https:\/\/www.maderthaner.cc\/index.php\/wp-json\/wp\/v2\/pages\/3428","targetHints":{"allow":["GET"]}}],"collection":[{"href":"https:\/\/www.maderthaner.cc\/index.php\/wp-json\/wp\/v2\/pages"}],"about":[{"href":"https:\/\/www.maderthaner.cc\/index.php\/wp-json\/wp\/v2\/types\/page"}],"author":[{"embeddable":true,"href":"https:\/\/www.maderthaner.cc\/index.php\/wp-json\/wp\/v2\/users\/4"}],"replies":[{"embeddable":true,"href":"https:\/\/www.maderthaner.cc\/index.php\/wp-json\/wp\/v2\/comments?post=3428"}],"version-history":[{"count":0,"href":"https:\/\/www.maderthaner.cc\/index.php\/wp-json\/wp\/v2\/pages\/3428\/revisions"}],"up":[{"embeddable":true,"href":"https:\/\/www.maderthaner.cc\/index.php\/wp-json\/wp\/v2\/pages\/302"}],"wp:attachment":[{"href":"https:\/\/www.maderthaner.cc\/index.php\/wp-json\/wp\/v2\/media?parent=3428"}],"curies":[{"name":"wp","href":"https:\/\/api.w.org\/{rel}","templated":true}]}}

<p>[et_pb_section][et_pb_row][et_pb_column type=&#8220;1_3&#8243;][et_pb_text admin_label=&#8220;Text&#8220; background_layout=&#8220;light&#8220; text_orientation=&#8220;left&#8220;]</p>
<h5><strong>Die Akkuratesse</strong></h5>
<h6>von Doris Knecht</h6>
<p>[/et_pb_text][et_pb_text admin_label=&#8220;Text&#8220; background_layout=&#8220;light&#8220; text_orientation=&#8220;left&#8220;]</p>
<p style="text-align: right;"><a href="https://www.maderthaner.cc/index.php/text/2017-die-akkuratesse/2017-the-accuracy/">[english version]</a></p>
<p>[/et_pb_text][/et_pb_column][et_pb_column type=&#8220;2_3&#8243;][et_pb_text admin_label=&#8220;Text&#8220; background_layout=&#8220;light&#8220; text_orientation=&#8220;left&#8220;]</p>
<p>Vielleicht hat man Franziska Maderthaner bei der Eröffnung einer Gruppen-Ausstellung in einer ambitionierten Land-Galerie in der Nähe ihres Sommerhauses kennengelernt, der sie ein Werk zur Verfügung gestellt hatte. Vielleicht wollte man sie schon lange treffen, nachdem man viel Interessantes und Lustiges über sie gehört hatte. Vielleicht ruckelte man also im Verlaufe dieser Vernissage mit einem Glas Weißwein in der Hand so allmählich in ihre Richtung und begann, angekommen, einen Smalltalk. Es könnte sein, dass man nicht so gut ist in Smalltalk, eventuell sogar überaus schlecht. Man würde also vielleicht verlegen lächelnd irgendeinen Blödsinn gesagt haben, zum Beispiel, ob sie hier noch öfter ausstellen werde. Und Franziska Maderthaner würde einen anstrahlen und sagen: Nichts für ungut, aber ich spiele eigentlich in einer anderen Liga.</p>
<p>Die meisten anderen Frauen hätten an dieser Stelle irgendwas Höfliches gesagt, irgendein zustimmendes Blabla. Franziska Maderthaner nicht. Sie ist nicht auf der Welt, um sich Konventionen zu unterwerfen oder um jemandem recht zu geben, der’s nicht hat. Sie ist eine No-bullshit-Person, und zwar auf eine gänzlich unaggressive Weise: ganz freundlich, ganz warm. Sie hat ein großes Lachen. Aber Franziska Maderthaner weiß auch, was sie kann und warum sie es kann. Sie weiß, dass sie auf ihrem Gebiet einzigartig ist und eine der Besten, und sie weiß, dass sie es ist, weil sie seit vielen Jahren täglich viele Stunden an ihren Bildern malt, weil sie ihr Talent unermüdlich perfektioniert. Welcher normale Mensch würde sich eine solche Leistung aus irgendeiner blöden Manierlichkeit, aus einem egalisierenden Reflex heraus kleinreden und verniedlichen lassen? Eben. Franziska Maderthaner auch nicht.</p>
<p>Und das machte sie mir auf Anhieb sympathisch. So macht man das, genau so. Und vielleicht sind ihre Bilder auch deswegen so unglaublich kraftvoll.</p>
<p>Zwischenzeitlich weiß ich noch zwei oder drei Dinge mehr über sie: Sie ist pünktlich, zum Beispiel wenn man sagt, um sieben geht’s los, dann ist sie um sieben da, mit einer Flasche Wein und mit einem schon in Stücke geschnittenen, selbst gebackenen Kuchen auf einem eigens dafür zurechtgeschnitzten Karton: Praktisch ist sie nämlich auch. Ihre Garderobe ist so bunt wie ihre Bilder. Sie hat fast immer gute Laune, und wenn nicht, bleibt sie für sich. Sie ist wissbegierig und zeigt einem mit Lust Dinge, Gegenden, Orte. Maderthaners Haus ist ordentlich und ihr Garten, sagen wir’s ehrlich, nicht der Rede wert: Denn nichts soll sie vom Malen ablenken, nichts in ihrem Leben darf so wichtig werden, dass dadurch das Malen zu kurz käme.</p>
<p>Maderthaner ordnet dem Malen alles andere unter, darauf richtet sie ihren Fokus, nichts ist für sie wichtiger. Sie braucht zum Malen höchstens einen Ausgleich: lange Märsche und ausgiebige Radtouren über die Felder und die bewaldeten Hügel der Gegend, in der sie wohnt (ihre Kondition ist beneidenswert), Gespräche mit ihrem Lebensgefährten Michael, Kochen für ihre Freunde, Reisen mit viel Kunst. Was sie nicht gut kann: herumsitzen, gar nichts tun. Und sie ist nicht ganz so cool, wie sie sich gibt, was man merkt, wenn man zu ihrem Geburtstag eingeladen ist, der im Hof ihres Waldviertler Landhauses mit Champagner und Fingerfood beginnt und wo sie überraschend nervös herumflattert, passt eh alles? Doch als der Geburtstag sich zur Sonnwendfeier der örtlichen Feuerwehr verlagert, ist sie dort wunderbar daheim: Hier war sie schon in den siebziger Jahren mit ihren Eltern auf Sommerfrische, hier kennt man die Franzi, seit sie ein kleines Kind ist, hier plaudert sie mit den Leuten, trinkt Spritzer aus dem Becher, isst Würstel und Pommes vom Pappteller und tanzt am Feuer zu Blondie. The tide is high but I’m holding on. Ja.</p>
<p>Am Tag darauf wird sie trotzdem malen, von früh bis spät. Wenn man Maderthaner eine Eigenschaft zuordnen müsste: Leidenschaft. Allerdings ist die Maderthaner-Leidenschaft keine irre Leidenschaft, nicht so eine Sich-selbst-ein-Ohr-abschneiden-Leidenschaft, wie man sie mit Künstlern gerne konnotiert. Ihre Leidenschaft hat nichts Wahnsinniges, Selbstzerstörerisches. Ihre Leidenschaft ist sportlich und fast forward, es ist eine quirlige, offene, neugierige Leidenschaft, die sich mit Akkuratesse und extremem Fleiß verbindet, die sich nicht sich selbst ausliefert, sondern immer auf ein Ergebnis abzielt: das perfekte Bild. Maderthaner lässt beim Malen alles ganz raus, aber sie kann es jederzeit auch wieder einfangen. Sie kann es, weil es ihr gehört. Weil sie es beherrscht. Handwerk, Kunst, Leben: alles ihrs, alles bestens.</p>
<p>&nbsp;</p>
<p>Doris Knecht ist Schriftstellerin („Gruber geht“, „Besser“, „Wald“, „Alles über Beziehungen“) und Kolumnistin. Sie lebt mit ihrer Familie und Freunden in Wien und im Waldviertel.</p>
<p>[/et_pb_text][/et_pb_column][/et_pb_row][/et_pb_section]</p>

<p>[et_pb_section][et_pb_row][et_pb_column type=&#8220;1_3&#8243;][et_pb_text admin_label=&#8220;Text&#8220; background_layout=&#8220;light&#8220; text_orientation=&#8220;left&#8220;] Die Akkuratesse von Doris Knecht [/et_pb_text][et_pb_text admin_label=&#8220;Text&#8220; background_layout=&#8220;light&#8220; text_orientation=&#8220;left&#8220;] [english version] [/et_pb_text][/et_pb_column][et_pb_column type=&#8220;2_3&#8243;][et_pb_text admin_label=&#8220;Text&#8220; background_layout=&#8220;light&#8220; text_orientation=&#8220;left&#8220;] Vielleicht hat man Franziska Maderthaner bei der Eröffnung einer Gruppen-Ausstellung in einer ambitionierten Land-Galerie in der Nähe ihres Sommerhauses kennengelernt, der sie ein Werk zur Verfügung gestellt hatte. Vielleicht wollte man sie schon lange [&hellip;]</p>
